 545 + -2117?
-1792
In base 7, what is -10 - 26246?
-26256
In base 5, what is 4023041 - -4?
4023100
In base 9, what is -203 + 251?
47
In base 4, what is -33 - -222233210?
222233111
In base 6, what is -1045 + -412?
-1501
In base 4, what is 120012103 - 3?
120012100
In base 3, what is -202 + 10000002212?
10000002010
In base 9, what is -351 - -6278?
5827
In base 9, what is -350 + -3086?
-3446
In base 6, what is -3 + -25525510?
-25525513
In base 10, what is 324 - 340?
-16
In base 6, what is 0 - -25415534?
25415534
In base 14, what is -2 + 14b3?
14b1
In base 16, what is -e12 + 12a?
-ce8
In base 15, what is -997b1 + 2?
-997ae
In base 5, what is -2 + 3212304?
3212302
In base 13, what is -1a - -972?
955
In base 15, what is b + 7aa3?
7aae
In base 6, what is 3012344 - 2?
3012342
In base 15, what is -5 + -3be61?
-3be66
In base 3, what is 22 + 1000222?
1001021
In base 14, what is 3 - -14042?
14045
In base 7, what is 10 + -133624?
-133614
In base 14, what is 1c57 - 3b?
1c1a
In base 8, what is -636254 - 1?
-636255
In base 8, what is 3 - 2422?
-2417
In base 5, what is 142010312 - 0?
142010312
In base 12, what is 0 - 40004?
-40004
In base 7, what is -444315 + 3?
-444312
In base 6, what is -100442425 - 5?
-100442434
In base 6, what is 435 - 130005?
-125130
In base 14, what is -c - -1db8?
1daa
In base 4, what is -22033100303 - -1?
-22033100302
In base 15, what is 0 + -67702?
-67702
In base 13, what is 0 + -3c315?
-3c315
In base 2, what is 1110100011 - -11110000?
10010010011
In base 12, what is -40 - -1709?
1689
In base 10, what is 15342 - 45?
15297
In base 3, what is -2 - -101202221020?
101202221011
In base 8, what is 11626 + 524?
12352
In base 7, what is 133 + 1246?
1412
In base 4, what is 102020 - -112212?
220232
In base 9, what is 7 - 3250?
-3242
In base 16, what is -2a - -fe?
d4
In base 11, what is -8 - -1054?
1047
In base 7, what is -301510 + -20?
-301530
In base 12, what is -5 + -18903?
-18908
In base 3, what is 1 - -120101121?
120101122
In base 7, what is -12 + 2142?
2130
In base 2, what is -101101011110101 + 101?
-101101011110000
In base 5, what is 3020221 + -3?
3020213
In base 11, what is -5 + -34805?
-3480a
In base 4, what is -3 + -1130123022?
-1130123031
In base 5, what is 4 - -1332321?
1332330
In base 11, what is -18 + -3082?
-309a
In base 10, what is 54 + -10890?
-10836
In base 2, what is -11111010011001 - -1001011?
-11111001001110
In base 5, what is -10004140 + -2?
-10004142
In base 11, what is -38 - -792?
755
In base 16, what is -a019 + 0?
-a019
In base 14, what is 14 - 78a0?
-788a
In base 13, what is 26 + 902?
928
In base 2, what is 101010111010010010101 - 100?
101010111010010010001
In base 7, what is 6161463 - -1?
6161464
In base 4, what is -113 - 103313?
-110032
In base 13, what is 3 + 5521?
5524
In base 16, what is -d + 1442?
1435
In base 8, what is -43 + 14120?
14055
In base 2, what is 10101101 - -1010011?
100000000
In base 7, what is -5145 - 212?
-5360
In base 5, what is 401 - 213041?
-212140
In base 13, what is 68 - 15581?
-15516
In base 2, what is 1000000111 - 101011101?
10101010
In base 2, what is -10011011 + 110001001?
11101110
In base 7, what is -4444255 + -1?
-4444256
In base 6, what is 222502 - -2?
222504
In base 15, what is -3 - -4710?
470c
In base 16, what is -2e36f3 - -2?
-2e36f1
In base 7, what is -5354304 + 5?
-5354266
In base 5, what is -4 - 304103?
-304112
In base 2, what is 0 + -1001010111000010111?
-1001010111000010111
In base 3, what is 10222001 - 200110?
10021121
In base 14, what is 1 - -2346c?
2346d
In base 4, what is 12323203112 - 1?
12323203111
In base 16, what is -34 - 422a?
-425e
In base 12, what is -306 - 76?
-380
In base 10, what is 1180223 - 4?
1180219
In base 11, what is -1 + -708a5?
-708a6
In base 8, what is -251 + 121?
-130
In base 6, what is 13 + -344221?
-344204
In base 16, what is 24f1 + -158?
2399
In base 3, what is -11 + 221111202222?
221111202211
In base 2, what is 101100000101111 - -1?
101100000110000
In base 8, what is -52523 - -33?
-52470
In base 15, what is 13 - -2ba2?
2bb5
In base 10, what is -5 - -103352?
103347
In base 16, what is 45942 + 4?
45946
In base 9, what is 21300 + -5?
21284
In base 2, what is 1010111000 + -11?
1010110101
In base 9, what is 32 - -100147?
100180
In base 16, what is -227ff - 5?
-22804
In base 2, what is -10101000100011101 + -111110?
-10101000101011011
In base 13, what is 5c + -76?
-17
In base 14, what is 24 - -124?
148
In base 5, what is -3 + 432431?
432423
In base 6, what is -220 + -15424?
-20044
In base 15, what is -a5 + -774?
-829
In base 3, what is 12201101 + -2111?
12121220
In base 10, what is 78 + -13634?
-13556
In base 12, what is 1b - -19a1?
1a00
In base 4, what is 300 + 10210000?
10210300
In base 15, what is -30 - 2ac6?
-2b06
In base 13, what is 1 + 69941?
69942
In base 14, what is 2c3d7 - 4?
2c3d3
In base 5, what is -4 + -2211333?
-2211342
In base 13, what is 252cc + -5?
252c7
In base 7, what is 5 + 61435?
61443
In base 10, what is 1 - -10506?
10507
In base 3, what is 2 - -1020120212?
1020120221
In base 9, what is -63376 - 2?
-63378
In base 10, what is -5 + -1164?
-1169
In base 9, what is 551 + -303?
247
In base 12, what is 3 - 23516?
-23513
In base 2, what is 100 + -100111100001110?
-100111100001010
In base 7, what is 5435 - 4?
5431
In base 8, what is -542 - -5666?
5124
In base 8, what is 164137 - 3?
164134
In base 14, what is -6 - -1c9a3?
1c99b
In base 2, what is 1100 + 111000010111001110?
111000010111011010
In base 10, what is -2671743 - 2?
-2671745
In base 15, what is -7bb6 + 1?
-7bb5
In base 8, what is 213 + -14212?
-13777
In base 10, what is -120965 + 1?
-120964
In base 15, what is 15 + 1259?
126e
In base 3, what is -11020112022 - -10?
-11020112012
In base 4, what is 102001102 + 11?
102001113
In base 12, what is -185 - -38b5?
3730
In base 11, what is -14755 + -1?
-14756
In base 13, what is 3 - -32c9?
32cc
In base 14, what is -220a62 + -2?
-220a64
In base 6, what is 3 + 524403?
524410
In base 6, what is 21 + -31430?
-31405
In base 6, what is 3 - 5420?
-5413
In base 7, what is -453555 + 0?
-453555
In base 8, what is 0 - -140276?
140276
In base 10, what is 6 - -1179?
1185
In base 10, what is 24 + -847?
-823
In base 5, what is 2203 + 13230?
20433
In base 3, what is 12010212211 + 12?
12010220000
In base 3, what is 1202 + -21222010?
-21220101
In base 7, what is -4 - -14561120?
14561113
In base 9, what is -2 - -635100?
635087
In base 2, what is -11011000000001 + 1001110?
-11010110110011
In base 9, what is -46078 - 2?
-46081
In base 10, what is -148 - 962?
-1110
In base 5, what is 24 - 11342?
-11313
In base 2, what is -10111101011010010 - -1010?
-10111101011001000
In base 5, what is 344 - 12242?
-11343
In base 11, what is -5 - 156a?
-1574
In base 6, what is -13234 - 244?
-13522
In base 8, what is -421 + -1120?
-1541
In base 5, what is -2200 - -2223?
23
In base 2, what is -100001010000101100 - -100?
-100001010000101000
In base 6, what is 44 + 343243?
343331
In base 8, what is 1023 + -42?
761
In base 8, what is -15332 + -766?
-16320
In base 4, what is -100033 + 21112?
-12321
In base 14, what is 4 + 1157?
115b
In base 3, what is -11020 - -10002?
-1011
In base 8, what is -115 + -14725?
-15042
In base 3, what is -2 - 1022211210?
-1022211212
In base 12, what is 5 - 1683a?
-16835
In base 10, what is 2 + -21649?
-21647
In base 6, what is -13035 - 4123?
-21202
In base 4, what is -33320 + -113123?
-213103
In base 2, what is -111110001011001 - -10010100?
-111101111000101
In base 16, what is 24080 + -e?
24072
In base 11, what is -13 - -542?
52a
In base 12, what is -2881 + -5?
-2886
In base 11, what is -2a11 + 31?
-2990
In base 12, what is 6584 - -38?
6600
In base 9, what is -602 + -32?
-634
In base 9, what is -130 + 755?
625
In base 15, what is -616 - -4d4?
-132
In base 7, what is 50 - -465201?
465251
In base 2, what is -11111001 - 1111001?
-101110010
In base 6, what is 10 + -2153235?
-2153225
In base 3, what is -20 + 20022012?
20021222
In base 10, what is -4845 + 0?
-4845
In base 7, what is 2 + -14230?
-14225
In base 5, what is 10423 + -42444?
-32021
In base 8, what is 3 + 466227?
466232
In base 13, what is -955 - 81?
-a06
In base 13, what is 541a9 + 1?
541aa
In base 8, what is 2 + -106117?
-106115
In base 11, what is 50a6 - 1a?
5087
In base 12, what is 96a - -695?
1443
In b